1
-10 (base 4) to base 16
-4
-33 (base 4) to base 5
-30
What is -136 (base 10) in base 12?
-b4
e (base 15) to base 3
112
Convert 3 (base 7) to base 6.
3
Convert -111100 (base 2) to base 8.
-74
What is -7 (base 14) in base 13?
-7
-3 (base 13) to base 5
-3
Convert 0 (base 5) to base 15.
0
What is 10211 (base 3) in base 2?
1100111
-1200 (base 3) to base 16
-2d
What is -7b (base 14) in base 2?
-1101101
Convert -2 (base 3) to base 11.
-2
3 (base 8) to base 11
3
-3 (base 14) to base 6
-3
-2 (base 4) to base 12
-2
111 (base 3) to base 15
d
What is 5 (base 8) in base 10?
5
What is 210 (base 5) in base 14?
3d
Convert 0 (base 10) to base 2.
0
What is -100 (base 3) in base 15?
-9
Convert 4 (base 10) to base 14.
4
What is -2 (base 13) in base 4?
-2
-46 (base 10) to base 11
-42
9 (base 13) to base 11
9
What is 10 (base 16) in base 13?
13
Convert -1 (base 15) to base 11.
-1
What is -41 (base 11) in base 3?
-1200
123 (base 5) to base 13
2c
Convert 11 (base 11) to base 8.
14
Convert -15 (base 12) to base 4.
-101
What is -23 (base 10) in base 12?
-1b
What is 2 (base 11) in base 15?
2
7 (base 15) to base 9
7
What is 93 (base 15) in base 5?
1023
Convert 12 (base 10) to base 13.
c
-1 (base 13) to base 12
-1
Convert -12 (base 11) to base 15.
-d
Convert 0 (base 13) to base 4.
0
-4 (base 11) to base 14
-4
What is 10 (base 7) in base 9?
7
14 (base 10) to base 7
20
What is -10 (base 3) in base 16?
-3
Convert 3 (base 5) to base 11.
3
Convert -3 (base 16) to base 2.
-11
What is -11000 (base 2) in base 3?
-220
11110 (base 4) to base 10
340
What is 0 (base 9) in base 3?
0
-a (base 12) to base 7
-13
-20 (base 7) to base 8
-16
Convert -1a (base 16) to base 6.
-42
What is -7 (base 16) in base 15?
-7
7 (base 11) to base 2
111
135 (base 7) to base 10
75
What is -1 (base 9) in base 5?
-1
Convert -5 (base 12) to base 5.
-10
Convert 14 (base 9) to base 7.
16
What is -11 (base 15) in base 12?
-14
4 (base 9) to base 15
4
-145 (base 8) to base 2
-1100101
10 (base 2) to base 10
2
What is 4 (base 14) in base 9?
4
Convert 17 (base 9) to base 6.
24
What is -7 (base 12) in base 2?
-111
1 (base 10) to base 2
1
b (base 15) to base 9
12
a2 (base 12) to base 13
95
-134 (base 5) to base 4
-230
Convert -15 (base 12) to base 6.
-25
Convert 0 (base 9) to base 16.
0
Convert -10100 (base 2) to base 6.
-32
What is 200 (base 5) in base 14?
38
Convert 3e (base 15) to base 13.
47
What is 9 (base 10) in base 16?
9
-43 (base 14) to base 2
-111011
Convert 0 (base 10) to base 12.
0
Convert 30 (base 10) to base 9.
33
What is 1310 (base 4) in base 9?
138
What is -4 (base 14) in base 5?
-4
What is -440 (base 5) in base 4?
-1320
What is 1134 (base 5) in base 8?
251
0 (base 6) to base 8
0
What is 7 (base 11) in base 13?
7
Convert 5 (base 12) to base 14.
5
Convert 22 (base 4) to base 12.
a
-3 (base 8) to base 5
-3
What is -184 (base 9) in base 2?
-10011101
What is 211 (base 10) in base 14?
111
Convert 1 (base 3) to base 9.
1
Convert -1 (base 16) to base 12.
-1
What is -a4 (base 14) in base 16?
-90
What is 101 (base 4) in base 14?
13
Convert 34 (base 6) to base 14.
18
1000100 (base 2) to base 16
44
What is -1b (base 13) in base 6?
-40
5 (base 10) to base 7
5
-5 (base 12) to base 15
-5
Convert -1220 (base 5) to base 14.
-d3
Convert 100 (base 5) to base 2.
11001
What is 58 (base 12) in base 11?
62
0 (base 8) to base 2
0
What is -10011111 (base 2) in base 11?
-135
What is 5 (base 11) in base 14?
5
What is 4 (base 6) in base 10?
4
Convert 0 (base 3) to base 14.
0
What is 27 (base 12) in base 2?
11111
What is 4 (base 9) in base 3?
11
Convert -143 (base 7) to base 5.
-310
Convert 4d (base 14) to base 11.
63
eb (base 15) to base 9
265
What is 3 (base 5) in base 10?
3
What is f (base 16) in base 10?
15
What is -5 (base 9) in base 3?
-12
Convert -22 (base 3) to base 16.
-8
What is 1 (base 4) in base 5?
1
-51 (base 12) to base 5
-221
What is a (base 16) in base 15?
a
What is 1 (base 7) in base 10?
1
What is -1 (base 6) in base 2?
-1
What is -4 (base 8) in base 6?
-4
What is -16 (base 11) in base 13?
-14
-3 (base 14) to base 16
-3
Convert -38 (base 9) to base 13.
-29
What is 22 (base 5) in base 15?
c
-1132 (base 4) to base 14
-6a
What is -1 (base 14) in base 10?
-1
Convert 10 (base 2) to base 11.
2
What is -a6 (base 12) in base 13?
-99
-5 (base 14) to base 9
-5
-1001 (base 2) to base 3
-100
Convert 5 (base 10) to base 7.
5
What is 9 (base 13) in base 14?
9
What is -7 (base 10) in base 5?
-12
What is 10 (base 11) in base 2?
1011
Convert -11 (base 6) to base 10.
-7
5 (base 6) to base 2
101
What is 2 (base 4) in base 8?
2
Convert 3 (base 5) to base 7.
3
What is -200 (base 4) in base 12?
-28
Convert -230 (base 4) to base 11.
-40
Convert 6 (base 15) to base 8.
6
Convert 3 (base 11) to base 10.
3
Convert -57 (base 9) to base 2.
-110100
Convert -420 (base 8) to base 14.
-156
ac (base 14) to base 9
178
-304 (base 8) to base 13
-121
What is -178 (base 12) in base 3?
-22202
What is 5 (base 6) in base 11?
5
22b (base 12) to base 5
2243
Convert -1233 (base 4) to base 16.
-6f
Convert -3 (base 4) to base 9.
-3
What is -1 (base 6) in base 12?
-1
-10a (base 11) to base 16
-83
Convert 2 (base 10) to base 2.
10
-10 (base 4) to base 12
-4
Convert -32 (base 12) to base 3.
-1102
What is -1c0 (base 13) in base 4?
-11011
-3 (base 15) to base 13
-3
11010 (base 3) to base 15
76
d0 (base 14) to base 16
b6
What is 7 (base 9) in base 2?
111
What is -1 (base 13) in base 11?
-1
What is -2 (base 15) in base 16?
-2
-65 (base 13) to base 8
-123
What is 10 (base 8) in base 11?
8
-5 (base 6) to base 7
-5
What is -2 (base 8) in base 12?
-2
What is -9 (base 13) in base 3?
-100
What is -6 (base 8) in base 10?
-6
What is 5 (base 10) in base 9?
5
What is 2 (base 13) in base 7?
2
Convert -155 (base 6) to base 12.
-5b
Convert -10122 (base 3) to base 8.
-142
What is 244 (base 5) in base 9?
82
What is -7 (base 8) in base 2?
-111
What is -32 (base 8) in base 5?
-101
What is 11 (base 16) in base 5?
32
-6 (base 8) to base 2
-110
What is -11 (base 3) in base 14?
-4
Convert -2 (base 5) to base 3.
-2
27 (base 8) to base 7
32
-5 (base 13) to base 8
-5
1122 (base 4) to base 2
1011010
What is 1c (base 15) in base 4?
123
What is -2 (base 11) in base 8?
-2
Convert 6 (base 14) to base 3.
20
-12 (base 10) to base 8
-14
What is -2 (base 8) in base 2?
-10
-110 (base 4) to base 5
-40
2 (base 15) to base 12
2
What is -4 (base 15) in base 5?
-4
-6 (base 12) to base 5
-11
What is 3 (base 5) in base 7?
3
Convert -1 (base 12) to base 2.
-1
Convert -13 (base 7) to base 14.
-a
Convert 1 (base 13) to base 4.
1
What is -4a (base 11) in base 3?
-2000
-1 (base 8) to base 6
-1
Convert -80 (base 10) to base 7.
-143
What is 43 (base 7) in base 12?
27
What is -3 (base 8) in base 7?
-3
Convert 0 (base 8) to base 13.
0
Convert 173 (base 12) to base 6.
1023
What is 1 (base 7) in base 14?
1
-225 (base 7) to base 3
-11100
What is 32 (base 5) in base 11?
16
Convert -1 (base 7) to base 16.
-1
Convert 12 (base 7) to base 3.
100
-aa (base 13) to base 14
-a0
178 (base 9) to base 16
98
4 (base 13) to base 2
100
Convert -1 (base 14) to base 12.
-1
-112 (base 10) to base 14
-80
What is 2 (base 5) in base 2?
10
-3 (base 15) to base 2
-11
Convert -10 (base 8) to base 9.
-8
-54 (base 8) to base 15
-2e
What is 516 (base 8) in base 12?
23a
Convert 10 (base 13) to base 6.
21
What is -a6 (base 12) in base 6?
-330
Convert 14 (base 6) to base 8.
12
-3 (base 10) to base 9
-3
What is -5 (base 7) in base 8?
-5
-53 (base 10) to base 2
-110101
What is 3 (base 16) in base 14?
3
Convert 0 (base 5) to base 12.
0
What is -21 (base 4) in base 14?
-9
Convert -4 (base 8) to base 16.
-4
What is 12 (base 5) in base 3?
21
What is 31 (base 15) in base 9?
51
Convert -302 (base 5) to base 4.
-1031
Convert 613 (base 8) to base 4.
12023
-4 (base 13) to base 8
-4
Convert -20120 (base 3) to base 5.
-1202
Convert -1 (base 14) to base 7.
-1
Convert -5 (base 15) to base 14.
-5
Convert 3 (base 12) to base 10.
3
Convert -2102 (base 3) to base 16.
-41
What is 0 (base 11) in base 5?
0
What is 233 (base 5) in base 13?
53
Convert -220 (base 4) to base 3.
-1111
What is 43 (base 5) in base 7?
32
What is -4 (base 12) in base 5?
-4
-22 (base 9) to base 5
-40
What is 10 (base 4) in base 9?
4
Convert -1 (base 13) to base 6.
-1
What is 10 (base 4) in